 = 3*q. List the prime factors of u(q).
3, 5
Let l be 180/(-16) - 2/(-8). Let y(a) = -6 - 11*a**2 - a + 7 - a**3 + 15. List the prime factors of y(l).
3
Let p be (5/4 - 1)/(11/88). Suppose -6 = -3*g - 0. Suppose -q + 9 = g*x, x - 7 = -0*x + p*q. What are the prime factors of x?
5
Let k(h) be the third derivative of -h**6/120 - h**5/3 - h**4 - 7*h**3/3 + 4*h**2. List the prime factors of k(-19).
3
Let t(n) = 17*n + 13. List the prime factors of t(24).
421
Let v(s) = 3*s**2 + 3*s - 6. Suppose 4*u - 2*k - 14 = 0, 4*u + 6 = u - 4*k. Suppose -u*r + 20 = 3*r. What are the prime factors of v(r)?
2, 3
Suppose -12 = -8*z + 5*z. Suppose -25 = 5*t, 17 + 28 = z*c - 5*t. What are the prime factors of c?
5
What are the prime factors of -2*(-5)/(-70)*-28?
2
Let s(b) = 130*b - 29. List the prime factors of s(2).
3, 7, 11
Let o(l) = -l**3 - 2*l**2 + 2*l + 58. Let i be o(0). Suppose i = m - 0. List the prime factors of m.
2, 29
Suppose -4*w - 28 = 4*v, 3*v + 2*w - 3*w = -5. What are the prime factors of (-136)/(-3)*3/(-3)*v?
2, 17
Let k = -72 + 69. What are the prime factors of -12*(-10 + -2) - (4 + k)?
11, 13
What are the prime factors of 8 - (10 - (4555 - -10))?
3, 13
Let g = -20 + 20. Suppose g = 4*q - 3*o - 12, 0*q + q - 5*o + 14 = 0. Suppose -q*j + 8*j - 40 = 0. What are the prime factors of j?
2, 5
List the prime factors of -3 - 0 - (31 + -495).
461
Suppose 66 + 1305 = 3*f. List the prime factors of f.
457
Let w(t) = 29*t + 62. Let a be w(-9). Let g = a + 501. What are the prime factors of g?
2, 151
Let m(y) = 61*y**2 + 46*y - 138. List the prime factors of m(3).
3, 61
Let s(p) = -p**3 - p**2 + 9. Let d be s(0). Let y be -1*4 + d + -11. Let l = y + 20. What are the prime factors of l?
2, 7
Let j(z) = -z**2 - 12*z - 13. Let g be j(-11). Let q be 1 - -2*(-31)/g. Let p = -19 + q. What are the prime factors of p?
13
Suppose c = 10 - 6. Suppose c*z - 152 = -5*v, -v + 0*v = 5*z - 169. Suppose 15 = 4*d - z. What are the prime factors of d?
2, 3
Suppose 434 + 1470 = 7*c. Let p = 514 - c. List the prime factors of p.
2, 11
Let q = -42 + 44. Suppose 3*t = -5*n + 721, 245 = -t + q*t - 3*n. What are the prime factors of t?
2, 11
Let u(l) = -3*l**3 - 26*l**2 + 2*l - 2. List the prime factors of u(-9).
61
Suppose 9*j + 325 = 4*j. Let a = 39 - 84. Let n = a - j. What are the prime factors of n?
2, 5
What are the prime factors of 58/4*6/(11 + -8)?
29
Let k(q) = 2*q**2 + q + 3. Suppose 2*f - f = -5*i - 5, 5*f = i + 79. Suppose 0 = -3*t - f + 3. List the prime factors of k(t).
31
Let l(z) = 2*z**2 - 19*z + 54. What are the prime factors of l(7)?
19
Let g = 3600 + -2107. What are the prime factors of g?
1493
Suppose -4*d = 20, -4*d = -2*v + 38 + 36. Suppose 0*y = -y + v. Let c = y + -14. What are the prime factors of c?
13
Let p(n) = -74*n - 37. Let o be p(-6). Suppose o - 141 = 2*f. What are the prime factors of f?
7, 19
Let f(n) = 13*n - 18. Let k be f(6). Suppose -k*s + 321 = -59*s. List the prime factors of s.
3, 107
Suppose -8008 = 11*i - 33*i. List the prime factors of i.
2, 7, 13
Let d be (-2 - -1)/(3/27). Let b(g) = g**2 + 7*g - 13. Let n be b(d). What are the prime factors of n + -7 + 51 + -1?
2, 3
Suppose 170 = 4*j - 706. Suppose -669 = -6*r - j. List the prime factors of r.
3, 5
Suppose t = -5*k + 1290, -2*k = t + 387 - 1668. What are the prime factors of t?
3, 5, 17
Let g be 3 + 0 + 60/12. What are the prime factors of g/10*(-10)/(-2)?
2
What are the prime factors of (7*-1)/(350/(-17300))?
2, 173
What are the prime factors of 946 + -3 + 0/4?
23, 41
Let p be (39/(-52))/(27/12 + -2). What are the prime factors of (132/p)/(-1)*(-26)/(-8)?
11, 13
Suppose 0 = -5*y + 5*s + 9750, -4*y - 5*s + 3959 + 3823 = 0. What are the prime factors of y?
2, 487
Suppose 40092 = 5*b + 7*b. What are the prime factors of b?
13, 257
Suppose 3*d - 15 = -5*v, 5*v - 4*v = 2*d + 16. Suppose -v*c = c - 189. What are the prime factors of c?
3
Suppose 2395 = x - i, 47*x + 4*i - 4772 = 45*x. What are the prime factors of x?
2, 13, 23
Suppose 0 = -3*c + 6*c. Suppose c = -4*m + 2*r + 3*r + 19, 2*r = -3*m + 20. List the prime factors of m.
2, 3
Let h(u) = 4*u - 22. Let g be h(6). Suppose -166 = -3*l + l - 3*n, -5*l = -g*n - 396. What are the prime factors of l?
2, 5
Suppose -236*x = -229*x - 980. What are the prime factors of x?
2, 5, 7
Suppose -2*h = -2*h - 7*h. Suppose h = n + 4*x - 41 - 18, n - x = 84. What are the prime factors of n?
79
Let a = -290 - -444. List the prime factors of a.
2, 7, 11
Let k = -196 + 472. What are the prime factors of k?
2, 3, 23
Let p be ((3 - 2) + -2)*37. Suppose b - 3*l + 425 = 6*b, -2*l = 2*b - 166. Let r = b + p. List the prime factors of r.
3, 17
Let t(k) = -6 - 4*k + 12*k + 22. What are the prime factors of t(5)?
2, 7
Let z(a) = -6*a + 42. Let j be z(7). Suppose j = -7*u + 1398 + 429. List the prime factors of u.
3, 29
Let u(z) = 3*z - 47. Let i be u(18). What are the prime factors of 5 + i/(28/88)?
3
Let z be (-6)/4*64/48. What are the prime factors of -4*(-1)/4 - (-79 + z)?
2, 41
Suppose 3*r - 11 = -k, 10 = -3*r + 8*r. Suppose 3 = -l - s, 19 = 2*l - s - 2*s. Suppose -m = -l*m + k, -m - 33 = -h. What are the prime factors of h?
2, 19
Suppose 9 + 0 = 3*h. Suppose 160 = h*d - 2*f, 3*d - 7*d - 3*f + 236 = 0. List the prime factors of d.
2, 7
Let t(x) = -x + 21. Let z be t(0). Let l = z - 15. What are the prime factors of l/(-4) + 13/2?
5
Let v(q) = -16*q + 2. Let p be v(-11). Let s = p - 120. What are the prime factors of s?
2, 29
Let d(k) = 11*k + 8. Let q(i) = i**3 + 19*i**2 + 17*i - 14. Let g be q(-18). List the prime factors of d(g).
2, 13
Suppose 3*c - 6 = c + 2*h, 5*c = 4*h + 18. Suppose 5*g = o - c*o + 350, 25 = 5*g. What are the prime factors of o?
5, 13
Let k(h) = 3*h**2 + 96*h - 181. List the prime factors of k(-49).
2, 19, 61
Let s(c) = c**2 + 3. Let z be s(0). Suppose z*o - 9 = -0*o. Suppose o*d - 49 = 41. What are the prime factors of d?
2, 3, 5
List the prime factors of (128/(-20) + 6)/(3/(-15045)).
2, 17, 59
What are the prime factors of ((2 - 4) + -2272)/((-12)/12)?
2, 3, 379
Let s = 39 - 33. Suppose -128 = -10*l + s*l. List the prime factors of l.
2
Let v = 4785 - 3360. What are the prime factors of v?
3, 5, 19
Let n(s) = 8*s**2 - 3*s + 19. Let o = 12 + -17. List the prime factors of n(o).
2, 3, 13
List the prime factors of (2896/(-1))/(6/(-3)).
2, 181
Let o = 167 + -88. Let i = o - -102. List the prime factors of i.
181
Suppose 0 = 47*j - 58731 - 20887. List the prime factors of j.
2, 7, 11
Let b(t) = -t**3 + 7*t**2 - 5*t - 9. Let q(w) = -7 - w**3 - 4*w + 2 + 6*w**2 - 3. Let a(x) = 4*b(x) - 5*q(x). What are the prime factors of a(3)?
13
Let r be (-748)/(-77) - (-2)/7. Let c(l) = -l**2 + 15*l - 4. List the prime factors of c(r).
2, 23
Let g(r) = 3*r**2 + 2*r - 9. Let l be g(5). Suppose 81*p - l*p = 485. What are the prime factors of p?
97
Let o(u) = u**2 + 10*u + 20. Suppose 0 = -2*b - 5*i - 33, 5*i + 23 + 37 = -5*b. List the prime factors of o(b).
11
Let o = 378 - 246. Suppose -o = -2*f + 82. What are the prime factors of f?
107
Let p(j) be the first derivative of -j**2 - 4*j + 23. Let s = 9 + -13. List the prime factors of p(s).
2
Let r(m) = 19*m. Let p(b) be the third derivative of -b**4/12 + b**3/3 + 7*b**2. Let o be p(0). List the prime factors of r(o).
2, 19
Suppose 0 = -3*c + 3*z + 1182, -1124 = -5*c - 4*z + 837. List the prime factors of c.
3, 131
Let f(z) = z + 6. Let b be f(6). List the prime factors of b/(-15) + 7/(105/1962).
2, 5, 13
Suppose -19*n + 1431 + 2882 = 0. List the prime factors of n.
227
Suppose -3 = -a, a - 3*a = 2*m + 990. What are the prime factors of (3/(-6))/(-1 + (-495)/m)?
83
Let c be (4 + -6)/(0 - 1). Let g(o) = -4*o + 4 - 7 + 9*o + 5. List the prime factors of g(c).
2, 3
Suppose 0 = 4*f + t - 142, f + 2*t - 3*t = 33. What are the prime factors of f?
5, 7
Let r(j) = -106*j + 54. What are the prime factors of r(-16)?
2, 5, 7
Let d be ((-5)/(-4))/((-4)/(-16)). Suppose -3*b - d*y = -23, -y = 5*b + 2*y - 65. List the prime factors of b.
2
Let o(s) = s**2 - 3*s + 5. Let u be o(0). Suppose -g - u = -2*g. Suppose -g*b = -b - 32. What are the prime factors of b?
2
Let u be 15*(-3)/(-36)*4. Suppose 0 = 4*k + u*s - 38, 5*s + 4 = -2*k + 28. Suppose 4*l - 3*v = 197, -k*v = -2*v + 15. List the prime factors of l.
47
Let n b